he remainder when m is divided by 33?
31
Suppose 406 = 5*s - 409. What is the remainder when s is divided by 55?
53
Let z = 7 + -4. Suppose 0*v - z*v = -6. Suppose 45 = o + v*o. What is the remainder when o is divided by 8?
7
Suppose v = 4*i + 6*v - 13, -3*v = -4*i + 5. Suppose 3*c - 190 = -3*h - i*h, -4*h = c - 152. Calculate the remainder when h is divided by 13.
12
Let t(m) = 7*m**2 - 5*m - 6. Let k be t(-4). Let p = 179 - k. Let o = -8 + 26. Calculate the remainder when p is divided by o.
17
Suppose 0 = -5*c - a + 184, 2*a - 144 = -4*c - 2*a. Calculate the remainder when c is divided by 13.
11
Let f = 230 - 118. Suppose -2*i = -2*h - 27 + 71, 3*i + f = 5*h. What is the remainder when h is divided by 8?
7
Suppose 3*f - 2*f + 8 = 0. Let r = 10 + -5. Calculate the remainder when r is divided by ((-7)/(-14))/((-2)/f).
1
Suppose -15 = -4*m - 3. Suppose b - m - 16 = 0. Calculate the remainder when b is divided by 11.
8
Suppose 0*k - 2*k = 4*f - 66, -f - 48 = -k. Suppose 27 = 5*c - k. Suppose -12*a + 104 = a. What is the remainder when c is divided by a?
6
Suppose -h - 2*h + 321 = 0. What is the remainder when h is divided by 22?
19
Let p = -17 - -30. Calculate the remainder when p is divided by 8.
5
Let l be 4 - 1*-2 - 1. Suppose -2*w = -4*a + 2, 3*a - 60 = -l*w - 0*a. Calculate the remainder when 25 is divided by w.
7
Let n(c) = 8*c**3 + c - 1. Let b be n(1). Let l(a) = -a**2 - 3*a + 2. Let q be l(-3). What is the remainder when 20 is divided by b*(q - 1) + -1?
6
Let b = 27 + -14. What is the remainder when 49 is divided by b?
10
Suppose -7 = -3*t + 5*a + 29, 36 = 3*t + 4*a. What is the remainder when 34 is divided by t?
10
Let q(n) = -n**3 - 4*n**2 + 6*n + 7. Let o be q(-5). Let d = 5 - o. Calculate the remainder when (-2)/3 - (-26)/d is divided by 5.
3
Suppose 0*l - 80 = -4*l. Let g = -8 + l. What is the remainder when 23 is divided by g?
11
Let r(o) = o + 15. What is the remainder when 5 is divided by r(-11)?
1
Let x(g) = 6*g - g + 2*g. Let f be x(-4). Let j = f + 41. Calculate the remainder when 37 is divided by j.
11
Let t = 18 + -16. Suppose -5*j - t*c + 6*c + 60 = 0, -4*j = c - 27. What is the remainder when j is divided by 3?
2
Let u = 77 - 43. Let q be (-14)/(-4) - 2/4. Calculate the remainder when u is divided by 0 + 12 + 3 - q.
10
Let j = -101 + 180. What is the remainder when j is divided by 21?
16
Suppose -4*t + 9*t + j - 10 = 0, -5*t = -j - 20. What is the remainder when 9 is divided by t?
0
Let a(r) = -r**2 - 20*r - 2. Calculate the remainder when a(-15) is divided by 19.
16
Let s = -7 - -15. Calculate the remainder when s is divided by 3.
2
Suppose -2*g - 5*d = -29, g - 4*g - 5*d = -51. Let w(u) = -u**2 - 12. Let f be w(0). Let o = g + f. Calculate the remainder when o is divided by 6.
4
Let n(g) = g**2 - 3. What is the remainder when n(10) is divided by 25?
22
Suppose 3*x + 2*t - 46 - 73 = 0, -x - t + 38 = 0. What is the remainder when x is divided by (-4)/((-16)/(-20))*(-9)/5?
7
Calculate the remainder when 31 is divided by 48/9*(-3 + 6).
15
Let h = 77 - 67. What is the remainder when 15 is divided by h?
5
Let k = 168 + -105. What is the remainder when k is divided by 22?
19
Suppose -3*z + 21 = 2*b - 95, -2*b + 112 = 2*z. What is the remainder when b is divided by 27?
25
Calculate the remainder when 15/10*(-228)/(-9) is divided by 10.
8
Suppose -3 = 2*s - 0*i - 5*i, 2*s = 2*i. Suppose -3 = -z - 1. What is the remainder when z is divided by s?
0
Suppose -5*l + 25 = 0, -l = -y + l - 8. Let x = 4 - y. What is the remainder when 5 is divided by x?
1
Let p(s) = s + 28. Calculate the remainder when p(0) is divided by 10.
8
Let a be (-9)/(10/(-4) - -1). Suppose 5*h = 4*p + 5, -2 = -2*h + 2*p - a*p. What is the remainder when h is divided by 1?
0
Let m be 15/10*4/3. Suppose -4*b + m*r = -138, -4*r - 31 = -2*b + 35. Let q = 78 - b. Calculate the remainder when q is divided by 15.
13
Suppose 2*k - 7*k + 6 = s, -5*s = -5*k + 30. What is the remainder when 4 is divided by k?
0
Let x = -17 - -27. Suppose -5*g + 5 = -85. What is the remainder when g is divided by x?
8
Suppose -k + 12 = k. Suppose -11*x + 30 = -14. Calculate the remainder when k is divided by x.
2
Let w = -4 - -4. Suppose w = n + 3*n - 24. Suppose -u + n = -0*u. What is the remainder when 11 is divided by u?
5
Suppose h - 40 = -2*x, 0 = 4*h + 4*x - 17 - 139. Suppose -2*i + 90 = -p + h, 128 = 5*i - 2*p. Calculate the remainder when i is divided by 13.
11
Let q = 53 - 24. Suppose -2*k + q = 2*y - 7, -y - 5*k = -22. What is the remainder when (-3 + 2)/((-1)/33) is divided by y?
16
Let o = 9 - -10. Let z(u) = -1001*u. Let n be z(-2). What is the remainder when n/56 - 2/(-8) is divided by o?
17
Let w = -20 - -101. Calculate the remainder when w is divided by 30.
21
Suppose x - 5*b - 69 = 0, -5*x + 131 = -2*x + 4*b. Suppose 14*o - 26 = 12*o. Calculate the remainder when x is divided by o.
10
Let p(r) = -r**3 + 6*r**2 - 7*r + 5. Calculate the remainder when 44 is divided by p(4).
8
Suppose -4*b - 5*g = -46, 7 = 3*b - 5*g - 10. What is the remainder when 23 is divided by b?
5
Let l be (-10)/4 + (-1)/2. What is the remainder when 10 is divided by (2/6)/(l/(-54))?
4
Let n(o) be the second derivative of -o**3/6 + 9*o**2/2 + 6*o. Calculate the remainder when 39 is divided by n(-11).
19
Let k = 234 + -109. Let i = -89 + k. Let x = -38 + 57. Calculate the remainder when i is divided by x.
17
Let y(l) = 9. Let g(h) = -h - 9. Let w(z) = -3*g(z) - 4*y(z). Calculate the remainder when w(5) is divided by 4.
2
Let p(d) = d**3 - 6*d**2 + 6*d - 2. Let r be p(5). Suppose 0 = -7*s + 3*s + 104. Suppose s = -v + r*v. Calculate the remainder when v is divided by 8.
5
What is the remainder when 24/60 + 128/5 - 2 is divided by 14?
10
Suppose 0 = g + 3*w - 10, -10 = 3*g - 5*w - 26. Let v = -10 + 21. What is the remainder when v is divided by g?
4
Let c(l) = -l**2 + 8*l - 5. Let y(s) = -s - 5. Let d be y(-10). Calculate the remainder when 18 is divided by c(d).
8
Suppose 0 = 2*s + s. Suppose s = -4*z - z + 20. Suppose -16 = -2*r + 2*k, -6*k = r - 4*k - 5. Calculate the remainder when r is divided by z.
3
Calculate the remainder when 184/14 - 1/7 is divided by 8.
5
Let l be 9*1/(-9)*-3. Calculate the remainder when (-7)/(-21) + 26/l is divided by 6.
3
Suppose -45 + 5 = -5*z. What is the remainder when z/(-36) - (-173)/9 is divided by 7?
5
Let s be ((-3)/1)/(2/(-18)). Let n = s + -18. What is the remainder when 17 is divided by n?
8
Let s(c) = -c + 6. Let d be s(-6). What is the remainder when (3 - 1) + d + -1 is divided by 5?
3
Let r = 108 - 60. Suppose -4*v = -v + 2*a - 43, 3*a = -3*v + r. What is the remainder when 31 is divided by v?
9
Let l(y) be the second derivative of -y**5/20 - y**4/3 + y**3/2 - y**2/2 - y. Let z(u) = 2*u**2 - 5*u + 5. What is the remainder when z(4) is divided by l(-5)?
8
Let w(d) = -d**3 + 4*d**2 - 2*d - 1. Suppose j = 4 - 1. Let i = 13 - 12. What is the remainder when w(j) is divided by i?
0
Let p = 84 - 72. Calculate the remainder when 45 is divided by p.
9
Let x(d) = -d**3 + 11*d**2 + 3*d - 16. What is the remainder when 63 is divided by x(11)?
12
Suppose 3*w - w = c + 6, -w + c + 3 = 0. Let d be (-27)/12 - w/4. Let i = d - -7. Calculate the remainder when i is divided by 3.
1
Let c(n) = n**2 + 3*n - 11. What is the remainder when c(-11) is divided by 20?
17
Let a(n) = n**3 + 8*n**2 - 11*n - 13. What is the remainder when a(-9) is divided by 2?
1
Let i(f) = 5*f + 8. Let u be i(8). Calculate the remainder when 309/24 - (-6)/u is divided by (2*5)/(2/1).
3
Suppose 51 = 3*d - 54. What is the remainder when 104 is divided by d?
34
Let x = 89 + -30. What is the remainder when x is divided by 15?
14
Suppose -15 = 2*k - 53. Let q = -15 - -26. Calculate the remainder when k is divided by q.
8
Let k(g) = -g**3 - 3*g**2 - 4*g - 1. Calculate the remainder when 31 is divided by k(-3).
9
Suppose -2*h + 28 = -2. What is the remainder when 86 is divided by h?
11
Let f(l) = -8*l - 8. Let c(k) = -k - 1. Let n(a) = -4*c(a) + f(a). Calculate the remainder when 59 is divided by n(-6).
19
Suppose 0 = -2*d - 0*d + 3*g - 19, 3*g = 4*d + 23. Let b = 2 - d. Calculate the remainder when 1 is divided by (2/(-4))/((-2)/b).
0
Suppose w - o - 110 = -2*w, -w + o + 36 = 0. What is the remainder when w is